{"id":16054,"date":"2025-07-15T15:20:39","date_gmt":"2025-07-15T13:20:39","guid":{"rendered":"https:\/\/picstloup-insoumis.fr\/?page_id=16054"},"modified":"2025-07-17T09:20:54","modified_gmt":"2025-07-17T07:20:54","slug":"pillage-de-la-nation-par-les-500-familles","status":"publish","type":"page","link":"https:\/\/picstloup-insoumis.fr\/index.php\/pillage-de-la-nation-par-les-500-familles\/","title":{"rendered":"Pillage de la nation par les 500 familles"},"content":{"rendered":"\n<h2 class=\"wp-block-heading\">Pillage de la nation par les 500 familles<\/h2>\n\n\n\n<div class=\"wp-block-query is-layout-flow wp-block-query-is-layout-flow\"><ul class=\"wp-block-post-template is-layout-flow wp-block-post-template-is-layout-flow\"><li class=\"wp-block-post post-16746 post type-post status-publish format-standard has-post-thumbnail hentry category-economie-n tag-30-25 tag-5ans tag-pillage-nation\">\n\n<div class=\"wp-block-columns are-vertically-aligned-center is-layout-flex wp-container-core-columns-is-layout-28f84493 wp-block-columns-is-layout-flex\">\n<div class=\"wp-block-column is-vertically-aligned-center is-layout-flow wp-block-column-is-layout-flow\" style=\"flex-basis:25%\"><figure class=\"wp-block-post-featured-image\"><a href=\"https:\/\/picstloup-insoumis.fr\/index.php\/2025\/07\/20\/cumcum-le-resultat-de-mon-controle-est-effarant-denonce-le-rapporteur-general-du-senat\/\" target=\"_self\"  ><img loading=\"lazy\" decoding=\"async\" width=\"523\" height=\"294\" src=\"https:\/\/picstloup-insoumis.fr\/wp-content\/uploads\/2025\/07\/Capture-decran-2025-07-20-164331.jpg\" class=\"attachment-post-thumbnail size-post-thumbnail wp-post-image\" alt=\"CumCum&nbsp;: \u00ab&nbsp;Le r\u00e9sultat de mon contr\u00f4le est effarant&nbsp;\u00bb, d\u00e9nonce le rapporteur g\u00e9n\u00e9ral du S\u00e9nat\" style=\"object-fit:cover;\" srcset=\"https:\/\/picstloup-insoumis.fr\/wp-content\/uploads\/2025\/07\/Capture-decran-2025-07-20-164331.jpg 523w, https:\/\/picstloup-insoumis.fr\/wp-content\/uploads\/2025\/07\/Capture-decran-2025-07-20-164331-300x169.jpg 300w\" sizes=\"auto, (max-width: 523px) 100vw, 523px\" \/><\/a><\/figure><\/div>\n\n\n\n<div class=\"wp-block-column is-vertically-aligned-center is-layout-flow wp-block-column-is-layout-flow\" style=\"flex-basis:75%\"><h2 class=\"wp-block-post-title\"><a href=\"https:\/\/picstloup-insoumis.fr\/index.php\/2025\/07\/20\/cumcum-le-resultat-de-mon-controle-est-effarant-denonce-le-rapporteur-general-du-senat\/\" target=\"_self\" >CumCum&nbsp;: \u00ab&nbsp;Le r\u00e9sultat de mon contr\u00f4le est effarant&nbsp;\u00bb, d\u00e9nonce le rapporteur g\u00e9n\u00e9ral du S\u00e9nat<\/a><\/h2>\n\n<div class=\"wp-block-post-excerpt\"><p class=\"wp-block-post-excerpt__excerpt\">\u00c0 la suite d\u2019un contr\u00f4le sur pi\u00e8ces et sur place au minist\u00e8re de l\u2019\u00c9conomie, Jean-Fran\u00e7ois Husson a mis en \u00e9vidence une action de la F\u00e9d\u00e9ration bancaire fran\u00e7aise en amont de la publication d\u2019un texte d\u2019application. Ce dernier a ouvert une \u00ab&nbsp;br\u00e8che&nbsp;\u00bb dans un dispositif vot\u00e9 par le Parlement pour \u00e9viter le contournement de\u2026 <\/p><\/div><\/div>\n<\/div>\n\n<\/li><li class=\"wp-block-post post-16573 post type-post status-publish format-standard has-post-thumbnail hentry category-france-insoumise category-short tag-12mois tag-29-25 tag-pillage-nation\">\n\n<div class=\"wp-block-columns are-vertically-aligned-center is-layout-flex wp-container-core-columns-is-layout-28f84493 wp-block-columns-is-layout-flex\">\n<div class=\"wp-block-column is-vertically-aligned-center is-layout-flow wp-block-column-is-layout-flow\" style=\"flex-basis:25%\"><figure class=\"wp-block-post-featured-image\"><a href=\"https:\/\/picstloup-insoumis.fr\/index.php\/2025\/07\/20\/defi-parler-des-impots-de-saade-sur-bfmtv\/\" target=\"_self\"  ><img loading=\"lazy\" decoding=\"async\" width=\"522\" height=\"294\" src=\"https:\/\/picstloup-insoumis.fr\/wp-content\/uploads\/2025\/07\/Capture-decran-2025-07-19-180251.jpg\" class=\"attachment-post-thumbnail size-post-thumbnail wp-post-image\" alt=\"D\u00e9fi parler des imp\u00f4ts de Saad\u00e9\u2026\u2026 sur BFMTV\" style=\"object-fit:cover;\" srcset=\"https:\/\/picstloup-insoumis.fr\/wp-content\/uploads\/2025\/07\/Capture-decran-2025-07-19-180251.jpg 522w, https:\/\/picstloup-insoumis.fr\/wp-content\/uploads\/2025\/07\/Capture-decran-2025-07-19-180251-300x169.jpg 300w\" sizes=\"auto, (max-width: 522px) 100vw, 522px\" \/><\/a><\/figure><\/div>\n\n\n\n<div class=\"wp-block-column is-vertically-aligned-center is-layout-flow wp-block-column-is-layout-flow\" style=\"flex-basis:75%\"><h2 class=\"wp-block-post-title\"><a href=\"https:\/\/picstloup-insoumis.fr\/index.php\/2025\/07\/20\/defi-parler-des-impots-de-saade-sur-bfmtv\/\" target=\"_self\" >D\u00e9fi parler des imp\u00f4ts de Saad\u00e9\u2026\u2026 sur BFMTV<\/a><\/h2>\n\n<div class=\"wp-block-post-excerpt\"><p class=\"wp-block-post-excerpt__excerpt\">parler des imp\u00f4ts de Saad\u00e9&#8230;&#8230; sur BFMTV <\/p><\/div><\/div>\n<\/div>\n\n<\/li><li class=\"wp-block-post post-16236 post type-post status-publish format-standard has-post-thumbnail hentry category-economie-n category-short tag-12mois tag-29-25 tag-pillage-nation\">\n\n<div class=\"wp-block-columns are-vertically-aligned-center is-layout-flex wp-container-core-columns-is-layout-28f84493 wp-block-columns-is-layout-flex\">\n<div class=\"wp-block-column is-vertically-aligned-center is-layout-flow wp-block-column-is-layout-flow\" style=\"flex-basis:25%\"><figure class=\"wp-block-post-featured-image\"><a href=\"https:\/\/picstloup-insoumis.fr\/index.php\/2025\/07\/18\/payer-laddition\/\" target=\"_self\"  ><img loading=\"lazy\" decoding=\"async\" width=\"524\" height=\"293\" src=\"https:\/\/picstloup-insoumis.fr\/wp-content\/uploads\/2025\/07\/Capture-decran-2025-07-17-092053.jpg\" class=\"attachment-post-thumbnail size-post-thumbnail wp-post-image\" alt=\"Bayrou veut vous faire payer au plus pauvres les gigantesques cadeaux faits \u00e0 une poign\u00e9e de milliardaires\" style=\"object-fit:cover;\" srcset=\"https:\/\/picstloup-insoumis.fr\/wp-content\/uploads\/2025\/07\/Capture-decran-2025-07-17-092053.jpg 524w, https:\/\/picstloup-insoumis.fr\/wp-content\/uploads\/2025\/07\/Capture-decran-2025-07-17-092053-300x168.jpg 300w\" sizes=\"auto, (max-width: 524px) 100vw, 524px\" \/><\/a><\/figure><\/div>\n\n\n\n<div class=\"wp-block-column is-vertically-aligned-center is-layout-flow wp-block-column-is-layout-flow\" style=\"flex-basis:75%\"><h2 class=\"wp-block-post-title\"><a href=\"https:\/\/picstloup-insoumis.fr\/index.php\/2025\/07\/18\/payer-laddition\/\" target=\"_self\" >Bayrou veut vous faire payer au plus pauvres les gigantesques cadeaux faits \u00e0 une poign\u00e9e de milliardaires<\/a><\/h2>\n\n<div class=\"wp-block-post-excerpt\"><p class=\"wp-block-post-excerpt__excerpt\">Bayrou veut vous faire payer l&rsquo;addition <\/p><\/div><\/div>\n<\/div>\n\n<\/li><li class=\"wp-block-post post-16161 post type-post status-publish format-standard has-post-thumbnail hentry category-economie-n category-short tag-12mois tag-29-25 tag-pillage-nation\">\n\n<div class=\"wp-block-columns are-vertically-aligned-center is-layout-flex wp-container-core-columns-is-layout-28f84493 wp-block-columns-is-layout-flex\">\n<div class=\"wp-block-column is-vertically-aligned-center is-layout-flow wp-block-column-is-layout-flow\" style=\"flex-basis:25%\"><figure class=\"wp-block-post-featured-image\"><a href=\"https:\/\/picstloup-insoumis.fr\/index.php\/2025\/07\/17\/commission-des-finances\/\" target=\"_self\"  ><img loading=\"lazy\" decoding=\"async\" width=\"522\" height=\"292\" src=\"https:\/\/picstloup-insoumis.fr\/wp-content\/uploads\/2025\/07\/Capture-decran-2025-07-16-183324.jpg\" class=\"attachment-post-thumbnail size-post-thumbnail wp-post-image\" alt=\"Commission des Finances\" style=\"object-fit:cover;\" srcset=\"https:\/\/picstloup-insoumis.fr\/wp-content\/uploads\/2025\/07\/Capture-decran-2025-07-16-183324.jpg 522w, https:\/\/picstloup-insoumis.fr\/wp-content\/uploads\/2025\/07\/Capture-decran-2025-07-16-183324-300x168.jpg 300w\" sizes=\"auto, (max-width: 522px) 100vw, 522px\" \/><\/a><\/figure><\/div>\n\n\n\n<div class=\"wp-block-column is-vertically-aligned-center is-layout-flow wp-block-column-is-layout-flow\" style=\"flex-basis:75%\"><h2 class=\"wp-block-post-title\"><a href=\"https:\/\/picstloup-insoumis.fr\/index.php\/2025\/07\/17\/commission-des-finances\/\" target=\"_self\" >Commission des Finances<\/a><\/h2>\n\n<div class=\"wp-block-post-excerpt\"><p class=\"wp-block-post-excerpt__excerpt\">David Guiraud met KO le gouvernement Bayrou en Commission des Finances <\/p><\/div><\/div>\n<\/div>\n\n<\/li><li class=\"wp-block-post post-16127 post type-post status-publish format-standard has-post-thumbnail hentry category-economie-n tag-29-25 tag-5ans tag-pillage-nation\">\n\n<div class=\"wp-block-columns are-vertically-aligned-center is-layout-flex wp-container-core-columns-is-layout-28f84493 wp-block-columns-is-layout-flex\">\n<div class=\"wp-block-column is-vertically-aligned-center is-layout-flow wp-block-column-is-layout-flow\" style=\"flex-basis:25%\"><figure class=\"wp-block-post-featured-image\"><a href=\"https:\/\/picstloup-insoumis.fr\/index.php\/2025\/07\/16\/le-cambriolage-mis-en-place-par-letat-2\/\" target=\"_self\"  ><img loading=\"lazy\" decoding=\"async\" width=\"524\" height=\"295\" src=\"https:\/\/picstloup-insoumis.fr\/wp-content\/uploads\/2025\/07\/Capture-decran-2025-07-16-092821.jpg\" class=\"attachment-post-thumbnail size-post-thumbnail wp-post-image\" alt=\"Le cambriolage mis en place par l&rsquo;\u00c9tat\" style=\"object-fit:cover;\" srcset=\"https:\/\/picstloup-insoumis.fr\/wp-content\/uploads\/2025\/07\/Capture-decran-2025-07-16-092821.jpg 524w, https:\/\/picstloup-insoumis.fr\/wp-content\/uploads\/2025\/07\/Capture-decran-2025-07-16-092821-300x169.jpg 300w\" sizes=\"auto, (max-width: 524px) 100vw, 524px\" \/><\/a><\/figure><\/div>\n\n\n\n<div class=\"wp-block-column is-vertically-aligned-center is-layout-flow wp-block-column-is-layout-flow\" style=\"flex-basis:75%\"><h2 class=\"wp-block-post-title\"><a href=\"https:\/\/picstloup-insoumis.fr\/index.php\/2025\/07\/16\/le-cambriolage-mis-en-place-par-letat-2\/\" target=\"_self\" >Le cambriolage mis en place par l&rsquo;\u00c9tat<\/a><\/h2>\n\n<div class=\"wp-block-post-excerpt\"><p class=\"wp-block-post-excerpt__excerpt\">David Guiraud d\u00e9nonce le cambriolage mis en place par l&rsquo;\u00c9tat sur la TVA <\/p><\/div><\/div>\n<\/div>\n\n<\/li><\/ul><\/div>","protected":false},"excerpt":{"rendered":"<p>Pillage de la nation par les 500 familles<\/p>","protected":false},"author":8,"featured_media":0,"parent":0,"menu_order":0,"comment_status":"closed","ping_status":"closed","template":"","meta":{"_acf_changed":false,"_uag_custom_page_level_css":"","_monsterinsights_skip_tracking":false,"_monsterinsights_sitenote_active":false,"_monsterinsights_sitenote_note":"","_monsterinsights_sitenote_category":0,"footnotes":""},"categories":[104],"tags":[],"class_list":["post-16054","page","type-page","status-publish","hentry","category-dossier-thematique"],"blocksy_meta":[],"acf":[],"uagb_featured_image_src":{"full":false,"thumbnail":false,"medium":false,"medium_large":false,"large":false,"1536x1536":false,"2048x2048":false,"mailpoet_newsletter_max":false,"awb_sm":false,"awb_md":false,"awb_lg":false,"awb_xl":false},"uagb_author_info":{"display_name":"P SL","author_link":"https:\/\/picstloup-insoumis.fr\/author\/insoupsl\/"},"uagb_comment_info":0,"uagb_excerpt":"Pillage de la nation par les 500 familles","_links":{"self":[{"href":"https:\/\/picstloup-insoumis.fr\/index.php\/wp-json\/wp\/v2\/pages\/16054","targetHints":{"allow":["GET"]}}],"collection":[{"href":"https:\/\/picstloup-insoumis.fr\/index.php\/wp-json\/wp\/v2\/pages"}],"about":[{"href":"https:\/\/picstloup-insoumis.fr\/index.php\/wp-json\/wp\/v2\/types\/page"}],"author":[{"embeddable":true,"href":"https:\/\/picstloup-insoumis.fr\/index.php\/wp-json\/wp\/v2\/users\/8"}],"replies":[{"embeddable":true,"href":"https:\/\/picstloup-insoumis.fr\/index.php\/wp-json\/wp\/v2\/comments?post=16054"}],"version-history":[{"count":0,"href":"https:\/\/picstloup-insoumis.fr\/index.php\/wp-json\/wp\/v2\/pages\/16054\/revisions"}],"wp:attachment":[{"href":"https:\/\/picstloup-insoumis.fr\/index.php\/wp-json\/wp\/v2\/media?parent=16054"}],"wp:term":[{"taxonomy":"category","embeddable":true,"href":"https:\/\/picstloup-insoumis.fr\/index.php\/wp-json\/wp\/v2\/categories?post=16054"},{"taxonomy":"post_tag","embeddable":true,"href":"https:\/\/picstloup-insoumis.fr\/index.php\/wp-json\/wp\/v2\/tags?post=16054"}],"curies":[{"name":"wp","href":"https:\/\/api.w.org\/{rel}","templated":true}]}}