{"id":180,"date":"2024-11-05T15:44:12","date_gmt":"2024-11-05T14:44:12","guid":{"rendered":"https:\/\/picstloup-insoumis.fr\/?page_id=180"},"modified":"2025-07-15T17:20:50","modified_gmt":"2025-07-15T15:20:50","slug":"medias-alternatifs-libres-dacces","status":"publish","type":"page","link":"https:\/\/picstloup-insoumis.fr\/index.php\/medias-alternatifs-libres-dacces\/","title":{"rendered":"M\u00e9dias ind\u00e9pendants libres d&rsquo;acc\u00e8s"},"content":{"rendered":"\n<h2 class=\"wp-block-heading has-vivid-red-color has-text-color has-link-color wp-elements-95825e4b14244e8069bde51e76afe9f3\"><em>M\u00e9dias ind\u00e9pendants libres d&rsquo;acc\u00e8s<\/em><\/h2>\n\n\n\n<div style=\"height:70px\" aria-hidden=\"true\" class=\"wp-block-spacer\"><\/div>\n\n\n\n<ul class=\"wp-block-list\">\n<li class=\"has-medium-font-size\"><em>Acrimed (<a href=\"https:\/\/www.acrimed.org\/\" target=\"_blank\" rel=\"noreferrer noopener\">site web<\/a>, <a href=\"https:\/\/www.youtube.com\/@acrimedvideos\" target=\"_blank\" rel=\"noreferrer noopener\">cha\u00eene youtube<\/a>)<\/em><\/li>\n\n\n\n<li class=\"has-medium-font-size\"><em><a href=\"https:\/\/www.youtube.com\/@ActuRefractaire\" target=\"_blank\" rel=\"noopener\">Actu r\u00e9fractaire<\/a><\/em><\/li>\n\n\n\n<li class=\"has-medium-font-size\"><em>Blast<\/em> <em>(<a href=\"https:\/\/www.blast-info.fr\/\" target=\"_blank\" rel=\"noreferrer noopener\">site web<\/a>, <a href=\"https:\/\/www.youtube.com\/@blastinfo\" target=\"_blank\" rel=\"noreferrer noopener\">cha\u00eene youtube<\/a>)<\/em><\/li>\n\n\n\n<li class=\"has-medium-font-size\"><em><a href=\"https:\/\/www.youtube.com\/channel\/UCWGsN59FON3vOtXCozQPsZQ\" target=\"_blank\" rel=\"noopener\">Canard r\u00e9fractaire<\/a><\/em><\/li>\n\n\n\n<li class=\"has-medium-font-size\"><em><a href=\"https:\/\/www.youtube.com\/@Histony\" title=\"\" target=\"_blank\" rel=\"noopener\">Histony<\/a><\/em><\/li>\n\n\n\n<li class=\"has-medium-font-size\"><em>Le Media (<a href=\"https:\/\/www.lemediatv.fr\/\" target=\"_blank\" rel=\"noreferrer noopener\">site web<\/a>, <a href=\"https:\/\/www.youtube.com\/channel\/UCT67YOMntJxfRnO_9bXDpvw\" target=\"_blank\" rel=\"noreferrer noopener\">cha\u00eene youtube<\/a>)<\/em><\/li>\n\n\n\n<li class=\"has-medium-font-size\"><em><a href=\"https:\/\/www.youtube.com\/@LeM%C3%A9dia24-7\" title=\"\" target=\"_blank\" rel=\"noopener\">Le Media 24\/7<\/a><\/em><\/li>\n\n\n\n<li class=\"has-medium-font-size\"><em><a href=\"https:\/\/lemondeencommun.info\/\" target=\"_blank\" rel=\"noopener\">Le monde en commun<\/a><\/em><\/li>\n\n\n\n<li class=\"has-medium-font-size\"><em><a href=\"https:\/\/linsoumission.fr\/\" target=\"_blank\" rel=\"noreferrer noopener\">L&rsquo;insoumission<\/a><\/em><\/li>\n\n\n\n<li class=\"has-medium-font-size\"><em>Mediapart (<a href=\"https:\/\/www.youtube.com\/@mediapart\" target=\"_blank\" rel=\"noreferrer noopener\">cha\u00eene youtube<\/a>)<\/em><\/li>\n\n\n\n<li class=\"has-medium-font-size\"><em>Off Investigation (<a href=\"https:\/\/www.off-investigation.fr\/saison3\/\" target=\"_blank\" rel=\"noreferrer noopener\">site web<\/a>, <a href=\"https:\/\/www.youtube.com\/@offinvestigation\" target=\"_blank\" rel=\"noreferrer noopener\">cha\u00eene youtube<\/a>)<\/em><\/li>\n<\/ul>\n\n\n\n<p><\/p>","protected":false},"excerpt":{"rendered":"<p>M\u00e9dias ind\u00e9pendants libres d&rsquo;acc\u00e8s<\/p>","protected":false},"author":8,"featured_media":0,"parent":0,"menu_order":0,"comment_status":"closed","ping_status":"closed","template":"","meta":{"_acf_changed":false,"_uag_custom_page_level_css":"","_monsterinsights_skip_tracking":false,"_monsterinsights_sitenote_active":false,"_monsterinsights_sitenote_note":"","_monsterinsights_sitenote_category":0,"footnotes":""},"categories":[],"tags":[],"class_list":["post-180","page","type-page","status-publish","hentry"],"blocksy_meta":[],"acf":[],"uagb_featured_image_src":{"full":false,"thumbnail":false,"medium":false,"medium_large":false,"large":false,"1536x1536":false,"2048x2048":false,"mailpoet_newsletter_max":false,"awb_sm":false,"awb_md":false,"awb_lg":false,"awb_xl":false},"uagb_author_info":{"display_name":"P SL","author_link":"https:\/\/picstloup-insoumis.fr\/author\/insoupsl\/"},"uagb_comment_info":0,"uagb_excerpt":"M\u00e9dias ind\u00e9pendants libres d&rsquo;acc\u00e8s","_links":{"self":[{"href":"https:\/\/picstloup-insoumis.fr\/index.php\/wp-json\/wp\/v2\/pages\/180","targetHints":{"allow":["GET"]}}],"collection":[{"href":"https:\/\/picstloup-insoumis.fr\/index.php\/wp-json\/wp\/v2\/pages"}],"about":[{"href":"https:\/\/picstloup-insoumis.fr\/index.php\/wp-json\/wp\/v2\/types\/page"}],"author":[{"embeddable":true,"href":"https:\/\/picstloup-insoumis.fr\/index.php\/wp-json\/wp\/v2\/users\/8"}],"replies":[{"embeddable":true,"href":"https:\/\/picstloup-insoumis.fr\/index.php\/wp-json\/wp\/v2\/comments?post=180"}],"version-history":[{"count":0,"href":"https:\/\/picstloup-insoumis.fr\/index.php\/wp-json\/wp\/v2\/pages\/180\/revisions"}],"wp:attachment":[{"href":"https:\/\/picstloup-insoumis.fr\/index.php\/wp-json\/wp\/v2\/media?parent=180"}],"wp:term":[{"taxonomy":"category","embeddable":true,"href":"https:\/\/picstloup-insoumis.fr\/index.php\/wp-json\/wp\/v2\/categories?post=180"},{"taxonomy":"post_tag","embeddable":true,"href":"https:\/\/picstloup-insoumis.fr\/index.php\/wp-json\/wp\/v2\/tags?post=180"}],"curies":[{"name":"wp","href":"https:\/\/api.w.org\/{rel}","templated":true}]}}