{"id":8351,"date":"2025-05-05T18:48:56","date_gmt":"2025-05-05T16:48:56","guid":{"rendered":"https:\/\/picstloup-insoumis.fr\/?p=8351"},"modified":"2025-11-08T10:37:21","modified_gmt":"2025-11-08T09:37:21","slug":"dossier-betharram","status":"publish","type":"page","link":"https:\/\/picstloup-insoumis.fr\/index.php\/dossier-betharram\/","title":{"rendered":"Violences sexuelles et scolaires"},"content":{"rendered":"\n<h2 class=\"wp-block-heading\">Violences sexuelles et scolaires<\/h2>\n\n\n\n<h5 class=\"wp-block-heading\">Introduction par <strong>Paul Vannier,  co-rapporteur avec Violette Spillebout  de la commission d\u2019enqu\u00eate parlementaire sur les violences en milieu scolaire<\/strong>,<\/h5>\n\n\n\n<blockquote class=\"wp-block-quote is-layout-flow wp-block-quote-is-layout-flow\">\n<p><strong>Ch\u00e8res Insoumises, chers Insoumis,<\/strong> <\/p>\n\n\n\n<p><strong><em>Pendant pr\u00e8s de trois mois, j\u2019ai \u00e9t\u00e9 co-rapporteur avec Violette Spillebout de la commission d\u2019enqu\u00eate parlementaire sur les modalit\u00e9s du contr\u00f4le par l\u2019\u00c9tat et de la pr\u00e9vention des violences dans les \u00e9tablissements scolaires. <\/em><\/strong><\/p>\n\n\n\n<p><strong><em>Ce travail a \u00e9t\u00e9 d\u2019une grande ampleur&nbsp;: plus de cinquante heures d\u2019auditions, des milliers de documents saisis, des d\u00e9placements et un rapport de 50 recommandations qui, je l\u2019esp\u00e8re, feront date.<\/em><\/strong> <\/p>\n\n\n\n<p><strong>Pour partager avec vous les coulisses de cette commission d\u2019enqu\u00eate et vous donner \u00e0 voir ce que le travail parlementaire peut produire quand il se met au service de l\u2019int\u00e9r\u00eat g\u00e9n\u00e9ral, j\u2019ai r\u00e9alis\u00e9 une web-s\u00e9rie en six \u00e9pisodes. Vous y d\u00e9couvrirez&nbsp;: <\/strong><\/p>\n\n\n\n<ol class=\"wp-block-list\">\n<li class=\"has-palette-color-4-color has-text-color has-link-color wp-elements-4de6ab29d71fbadfb3d841b53439d328\">L<strong>a naissance de la commission, \u00e0 partir de la dite affaire d&rsquo;\u00c9tat \u00ab\u00a0B\u00e9tharram\u00a0\u00bb, (<em>EP1)<\/em><\/strong><\/li>\n\n\n\n<li><strong>Nos contr\u00f4les sur place et sur pi\u00e8ces, (<em>EP2<\/em>)<\/strong><\/li>\n\n\n\n<li><strong>La pr\u00e9paration et le d\u00e9roulement des auditions, (<em>EP3<\/em>)<\/strong><\/li>\n\n\n\n<li><strong>Les coulisses de l&rsquo;audition du Premier ministre Fran\u00e7ois Bayrou, (<em>EP4<\/em>)<\/strong><\/li>\n\n\n\n<li><strong>Nos 50 propositions pour transformer le contr\u00f4le et la pr\u00e9vention des violences en milieu scolaire, (<em>EP5<\/em>)<\/strong><\/li>\n\n\n\n<li><strong>Et, enfin, une s\u00e9ance de r\u00e9ponses \u00e0 vos questions (FAQ), avec ma co-rapporteure Violette Spillebout. (<em>EP6<\/em>)<\/strong><\/li>\n<\/ol>\n\n\n\n<p><strong>Je vous invite \u00e0 regarder et \u00e0 partager ces \u00e9pisodes&nbsp;: ils sont un outil pour nourrir notre r\u00e9flexion collective et renforcer nos combats.<\/strong><\/p>\n\n\n\n<p><strong>Bon visionnage et \u00e0 tr\u00e8s bient\u00f4t dans nos luttes communes,<\/strong><\/p>\n\n\n\n<p><strong>Paul Vannier<br>D\u00e9put\u00e9 du Val-d\u2019Oise, 30 septembre 2025<\/strong><\/p>\n<\/blockquote>\n\n\n\n<div class=\"wp-block-group is-layout-constrained wp-block-group-is-layout-constrained\">\n<div style=\"height:100px\" aria-hidden=\"true\" class=\"wp-block-spacer\"><\/div>\n<\/div>\n\n\n\n<div class=\"wp-block-query is-layout-flow wp-block-query-is-layout-flow\"><ul class=\"wp-block-post-template is-layout-flow wp-block-post-template-is-layout-flow\"><li class=\"wp-block-post post-10946 post type-post status-publish format-standard has-post-thumbnail hentry category-enseignement-n tag-22-25 tag-5ans tag-vss\">\n\n<div class=\"wp-block-columns are-vertically-aligned-center is-layout-flex wp-container-core-columns-is-layout-28f84493 wp-block-columns-is-layout-flex\" id=\"EP1\">\n<div class=\"wp-block-column is-vertically-aligned-center is-layout-flow wp-block-column-is-layout-flow\" style=\"flex-basis:25%\" id=\"EP6\"><figure class=\"wp-block-post-featured-image\"><a href=\"https:\/\/picstloup-insoumis.fr\/index.php\/2025\/06\/01\/la-naissance-dune-affaire-detat-episode-1\/\" target=\"_self\"  ><img loading=\"lazy\" decoding=\"async\" width=\"670\" height=\"379\" src=\"https:\/\/picstloup-insoumis.fr\/wp-content\/uploads\/2025\/06\/Capture-decran-2025-06-01-175956.jpg\" class=\"attachment-post-thumbnail size-post-thumbnail wp-post-image\" alt=\"La naissance d&rsquo;une affaire d&rsquo;\u00e9tat (\u00e9pisode 1)\" style=\"object-fit:cover;\" srcset=\"https:\/\/picstloup-insoumis.fr\/wp-content\/uploads\/2025\/06\/Capture-decran-2025-06-01-175956.jpg 670w, https:\/\/picstloup-insoumis.fr\/wp-content\/uploads\/2025\/06\/Capture-decran-2025-06-01-175956-300x170.jpg 300w\" sizes=\"auto, (max-width: 670px) 100vw, 670px\" \/><\/a><\/figure><\/div>\n\n\n\n<div class=\"wp-block-column is-vertically-aligned-center is-layout-flow wp-block-column-is-layout-flow\" style=\"flex-basis:75%\"><h2 class=\"wp-block-post-title has-large-font-size\"><a href=\"https:\/\/picstloup-insoumis.fr\/index.php\/2025\/06\/01\/la-naissance-dune-affaire-detat-episode-1\/\" target=\"_self\" >La naissance d&rsquo;une affaire d&rsquo;\u00e9tat (\u00e9pisode 1)<\/a><\/h2>\n\n<div class=\"wp-block-post-excerpt\"><p class=\"wp-block-post-excerpt__excerpt\">Premier \u00e9pisode ce dimanche 1er juin&nbsp;: nous revenons aux d\u00e9buts de l&rsquo;affaire B\u00e9tharram, l\u00e0 o\u00f9 tout a commenc\u00e9. <\/p><\/div><\/div>\n<\/div>\n\n<\/li><li class=\"wp-block-post post-11512 post type-post status-publish format-standard has-post-thumbnail hentry category-societe-n category-enseignement-n tag-24-25 tag-5ans tag-vss\">\n\n<div class=\"wp-block-columns are-vertically-aligned-center is-layout-flex wp-container-core-columns-is-layout-28f84493 wp-block-columns-is-layout-flex\" id=\"EP1\">\n<div class=\"wp-block-column is-vertically-aligned-center is-layout-flow wp-block-column-is-layout-flow\" style=\"flex-basis:25%\" id=\"EP6\"><figure class=\"wp-block-post-featured-image\"><a href=\"https:\/\/picstloup-insoumis.fr\/index.php\/2025\/06\/09\/les-controles-sur-pieces-et-sur-place-episode-2\/\" target=\"_self\"  ><img loading=\"lazy\" decoding=\"async\" width=\"670\" height=\"378\" src=\"https:\/\/picstloup-insoumis.fr\/wp-content\/uploads\/2025\/06\/Capture-decran-2025-06-08-142157.jpg\" class=\"attachment-post-thumbnail size-post-thumbnail wp-post-image\" alt=\"Les contr\u00f4les sur pi\u00e8ces et sur place (\u00e9pisode 2)\" style=\"object-fit:cover;\" srcset=\"https:\/\/picstloup-insoumis.fr\/wp-content\/uploads\/2025\/06\/Capture-decran-2025-06-08-142157.jpg 670w, https:\/\/picstloup-insoumis.fr\/wp-content\/uploads\/2025\/06\/Capture-decran-2025-06-08-142157-300x169.jpg 300w\" sizes=\"auto, (max-width: 670px) 100vw, 670px\" \/><\/a><\/figure><\/div>\n\n\n\n<div class=\"wp-block-column is-vertically-aligned-center is-layout-flow wp-block-column-is-layout-flow\" style=\"flex-basis:75%\"><h2 class=\"wp-block-post-title has-large-font-size\"><a href=\"https:\/\/picstloup-insoumis.fr\/index.php\/2025\/06\/09\/les-controles-sur-pieces-et-sur-place-episode-2\/\" target=\"_self\" >Les contr\u00f4les sur pi\u00e8ces et sur place (\u00e9pisode 2)<\/a><\/h2>\n\n<div class=\"wp-block-post-excerpt\"><p class=\"wp-block-post-excerpt__excerpt\">Aujourd&rsquo;hui, je vous dis tout de nos contr\u00f4les et de nos d\u00e9placements dans les diff\u00e9rentes institutions que nous avons visit\u00e9 et o\u00f9 nous avons saisi plusieurs milliers de documents. <\/p><\/div><\/div>\n<\/div>\n\n<\/li><li class=\"wp-block-post post-12081 post type-post status-publish format-standard has-post-thumbnail hentry category-societe-n category-enseignement-n category-france-insoumise tag-25-25 tag-5ans tag-vss\">\n\n<div class=\"wp-block-columns are-vertically-aligned-center is-layout-flex wp-container-core-columns-is-layout-28f84493 wp-block-columns-is-layout-flex\" id=\"EP1\">\n<div class=\"wp-block-column is-vertically-aligned-center is-layout-flow wp-block-column-is-layout-flow\" style=\"flex-basis:25%\" id=\"EP6\"><figure class=\"wp-block-post-featured-image\"><a href=\"https:\/\/picstloup-insoumis.fr\/index.php\/2025\/06\/16\/je-vous-revele-les-coulisses-de-nos-auditions-episode-3\/\" target=\"_self\"  ><img loading=\"lazy\" decoding=\"async\" width=\"673\" height=\"378\" src=\"https:\/\/picstloup-insoumis.fr\/wp-content\/uploads\/2025\/06\/Capture-decran-2025-06-15-134026.jpg\" class=\"attachment-post-thumbnail size-post-thumbnail wp-post-image\" alt=\"Je vous r\u00e9v\u00e8le les coulisses de nos auditions (\u00e9pisode 3)\" style=\"object-fit:cover;\" srcset=\"https:\/\/picstloup-insoumis.fr\/wp-content\/uploads\/2025\/06\/Capture-decran-2025-06-15-134026.jpg 673w, https:\/\/picstloup-insoumis.fr\/wp-content\/uploads\/2025\/06\/Capture-decran-2025-06-15-134026-300x168.jpg 300w\" sizes=\"auto, (max-width: 673px) 100vw, 673px\" \/><\/a><\/figure><\/div>\n\n\n\n<div class=\"wp-block-column is-vertically-aligned-center is-layout-flow wp-block-column-is-layout-flow\" style=\"flex-basis:75%\"><h2 class=\"wp-block-post-title has-large-font-size\"><a href=\"https:\/\/picstloup-insoumis.fr\/index.php\/2025\/06\/16\/je-vous-revele-les-coulisses-de-nos-auditions-episode-3\/\" target=\"_self\" >Je vous r\u00e9v\u00e8le les coulisses de nos auditions (\u00e9pisode 3)<\/a><\/h2>\n\n<div class=\"wp-block-post-excerpt\"><p class=\"wp-block-post-excerpt__excerpt\">Je vous r\u00e9v\u00e8le d\u00e9sormais la mani\u00e8re dont nous avons pr\u00e9par\u00e9, organis\u00e9, men\u00e9 et utilis\u00e9 nos nombreuses auditions&nbsp;: un total de 56 heures et 140 personnes entendues. <\/p><\/div><\/div>\n<\/div>\n\n<\/li><li class=\"wp-block-post post-14136 post type-post status-publish format-standard has-post-thumbnail hentry category-enseignement-n tag-27-25 tag-5ans tag-majeur tag-vss\">\n\n<div class=\"wp-block-columns are-vertically-aligned-center is-layout-flex wp-container-core-columns-is-layout-28f84493 wp-block-columns-is-layout-flex\" id=\"EP1\">\n<div class=\"wp-block-column is-vertically-aligned-center is-layout-flow wp-block-column-is-layout-flow\" style=\"flex-basis:25%\" id=\"EP6\"><figure class=\"wp-block-post-featured-image\"><a href=\"https:\/\/picstloup-insoumis.fr\/index.php\/2025\/06\/29\/je-reviens-sur-laudition-de-francois-bayrou-episode-4\/\" target=\"_self\"  ><img loading=\"lazy\" decoding=\"async\" width=\"672\" height=\"378\" src=\"https:\/\/picstloup-insoumis.fr\/wp-content\/uploads\/2025\/06\/Capture-decran-2025-06-29-114314.jpg\" class=\"attachment-post-thumbnail size-post-thumbnail wp-post-image\" alt=\"Je reviens sur l&rsquo;audition de Fran\u00e7ois Bayrou (\u00e9pisode 4)\" style=\"object-fit:cover;\" srcset=\"https:\/\/picstloup-insoumis.fr\/wp-content\/uploads\/2025\/06\/Capture-decran-2025-06-29-114314.jpg 672w, https:\/\/picstloup-insoumis.fr\/wp-content\/uploads\/2025\/06\/Capture-decran-2025-06-29-114314-300x169.jpg 300w\" sizes=\"auto, (max-width: 672px) 100vw, 672px\" \/><\/a><\/figure><\/div>\n\n\n\n<div class=\"wp-block-column is-vertically-aligned-center is-layout-flow wp-block-column-is-layout-flow\" style=\"flex-basis:75%\"><h2 class=\"wp-block-post-title has-large-font-size\"><a href=\"https:\/\/picstloup-insoumis.fr\/index.php\/2025\/06\/29\/je-reviens-sur-laudition-de-francois-bayrou-episode-4\/\" target=\"_self\" >Je reviens sur l&rsquo;audition de Fran\u00e7ois Bayrou (\u00e9pisode 4)<\/a><\/h2>\n\n<div class=\"wp-block-post-excerpt\"><p class=\"wp-block-post-excerpt__excerpt\">Pr\u00e9paration de l&rsquo;audition, pressions politiques et m\u00e9diatiques, mensonges, violences, je vous explique tout de cette audition de plus de 5h30, de son contexte, et de ce que j&rsquo;en retiens. <\/p><\/div><\/div>\n<\/div>\n\n<\/li><li class=\"wp-block-post post-15141 post type-post status-publish format-standard has-post-thumbnail hentry category-enseignement-n tag-28-25 tag-5ans tag-vss\">\n\n<div class=\"wp-block-columns are-vertically-aligned-center is-layout-flex wp-container-core-columns-is-layout-28f84493 wp-block-columns-is-layout-flex\" id=\"EP1\">\n<div class=\"wp-block-column is-vertically-aligned-center is-layout-flow wp-block-column-is-layout-flow\" style=\"flex-basis:25%\" id=\"EP6\"><figure class=\"wp-block-post-featured-image\"><a href=\"https:\/\/picstloup-insoumis.fr\/index.php\/2025\/07\/06\/quatre-mois-de-travail-50-recommandations-pour-tout-changer-episode-5\/\" target=\"_self\"  ><img loading=\"lazy\" decoding=\"async\" width=\"522\" height=\"294\" src=\"https:\/\/picstloup-insoumis.fr\/wp-content\/uploads\/2025\/07\/Capture-decran-2025-07-06-111158.jpg\" class=\"attachment-post-thumbnail size-post-thumbnail wp-post-image\" alt=\"Quatre mois de travail, 50 recommandations pour tout changer (\u00e9pisode 5)\" style=\"object-fit:cover;\" srcset=\"https:\/\/picstloup-insoumis.fr\/wp-content\/uploads\/2025\/07\/Capture-decran-2025-07-06-111158.jpg 522w, https:\/\/picstloup-insoumis.fr\/wp-content\/uploads\/2025\/07\/Capture-decran-2025-07-06-111158-300x169.jpg 300w\" sizes=\"auto, (max-width: 522px) 100vw, 522px\" \/><\/a><\/figure><\/div>\n\n\n\n<div class=\"wp-block-column is-vertically-aligned-center is-layout-flow wp-block-column-is-layout-flow\" style=\"flex-basis:75%\"><h2 class=\"wp-block-post-title has-large-font-size\"><a href=\"https:\/\/picstloup-insoumis.fr\/index.php\/2025\/07\/06\/quatre-mois-de-travail-50-recommandations-pour-tout-changer-episode-5\/\" target=\"_self\" >Quatre mois de travail, 50 recommandations pour tout changer (\u00e9pisode 5)<\/a><\/h2>\n\n<div class=\"wp-block-post-excerpt\"><p class=\"wp-block-post-excerpt__excerpt\">Je reviens dans ce cinqui\u00e8me \u00e9pisode sur l&rsquo;adoption de notre rapport, et surtout je vous pr\u00e9sente une partie de nos 50 recommandations. L&rsquo;objectif&nbsp;: r\u00e9volutionner les moyens du contr\u00f4le et de la pr\u00e9vention des violences en milieu scolaire, afin que tous les enfants soient prot\u00e9ger, et d&rsquo;\u00e9viter d&rsquo;autres B\u00e9tharram. <\/p><\/div><\/div>\n<\/div>\n\n<\/li><li class=\"wp-block-post post-15904 post type-post status-publish format-standard has-post-thumbnail hentry category-societe-n tag-29-25 tag-5ans tag-vss\">\n\n<div class=\"wp-block-columns are-vertically-aligned-center is-layout-flex wp-container-core-columns-is-layout-28f84493 wp-block-columns-is-layout-flex\" id=\"EP1\">\n<div class=\"wp-block-column is-vertically-aligned-center is-layout-flow wp-block-column-is-layout-flow\" style=\"flex-basis:25%\" id=\"EP6\"><figure class=\"wp-block-post-featured-image\"><a href=\"https:\/\/picstloup-insoumis.fr\/index.php\/2025\/07\/13\/f-a-q-sur-la-commission-denquete-avec-violette-spillebout-episode-6\/\" target=\"_self\"  ><img loading=\"lazy\" decoding=\"async\" width=\"523\" height=\"294\" src=\"https:\/\/picstloup-insoumis.fr\/wp-content\/uploads\/2025\/07\/Capture-decran-2025-07-13-134109.jpg\" class=\"attachment-post-thumbnail size-post-thumbnail wp-post-image\" alt=\"F.A.Q. sur la commission d&rsquo;enqu\u00eate&nbsp;! avec Violette Spillebout (\u00e9pisode 6)\" style=\"object-fit:cover;\" srcset=\"https:\/\/picstloup-insoumis.fr\/wp-content\/uploads\/2025\/07\/Capture-decran-2025-07-13-134109.jpg 523w, https:\/\/picstloup-insoumis.fr\/wp-content\/uploads\/2025\/07\/Capture-decran-2025-07-13-134109-300x169.jpg 300w\" sizes=\"auto, (max-width: 523px) 100vw, 523px\" \/><\/a><\/figure><\/div>\n\n\n\n<div class=\"wp-block-column is-vertically-aligned-center is-layout-flow wp-block-column-is-layout-flow\" style=\"flex-basis:75%\"><h2 class=\"wp-block-post-title has-large-font-size\"><a href=\"https:\/\/picstloup-insoumis.fr\/index.php\/2025\/07\/13\/f-a-q-sur-la-commission-denquete-avec-violette-spillebout-episode-6\/\" target=\"_self\" >F.A.Q. sur la commission d&rsquo;enqu\u00eate&nbsp;! avec Violette Spillebout (\u00e9pisode 6)<\/a><\/h2>\n\n<div class=\"wp-block-post-excerpt\"><p class=\"wp-block-post-excerpt__excerpt\">Pour ce dernier \u00e9pisode de notre s\u00e9rie dans les coulisses de la commission d&rsquo;enqu\u00eate parlementaire sur les violences en milieu scolaire, Violette Spillebout, co-rapporteure, est mon invit\u00e9e, et nous r\u00e9pondons ensemble aux nombreuses questions que vous nous avez pos\u00e9&nbsp;! <\/p><\/div><\/div>\n<\/div>\n\n<\/li><\/ul><\/div>\n\n\n\n<p><\/p>","protected":false},"excerpt":{"rendered":"<p>Paul Vannier nous propose une web-s\u00e9rie en six \u00e9pisodes sur les auditions et conclusions de la commission d\u2019enqu\u00eate parlementaire sur les violences en milieu scolaire qu\u2019il a men\u00e9e en duo avec la d\u00e9put\u00e9e EPR Violette Spillebout.<\/p>","protected":false},"author":8,"featured_media":15905,"parent":0,"menu_order":0,"comment_status":"closed","ping_status":"closed","template":"","meta":{"_acf_changed":false,"_uag_custom_page_level_css":"","_monsterinsights_skip_tracking":false,"_monsterinsights_sitenote_active":false,"_monsterinsights_sitenote_note":"","_monsterinsights_sitenote_category":0,"footnotes":""},"categories":[132,104],"tags":[],"class_list":["post-8351","page","type-page","status-publish","has-post-thumbnail","hentry","category-articlegapsl","category-dossier-thematique"],"blocksy_meta":[],"acf":[],"uagb_featured_image_src":{"full":["https:\/\/picstloup-insoumis.fr\/wp-content\/uploads\/2025\/07\/Capture-decran-2025-07-13-134109.jpg",523,294,false],"thumbnail":["https:\/\/picstloup-insoumis.fr\/wp-content\/uploads\/2025\/07\/Capture-decran-2025-07-13-134109-150x150.jpg",150,150,true],"medium":["https:\/\/picstloup-insoumis.fr\/wp-content\/uploads\/2025\/07\/Capture-decran-2025-07-13-134109-300x169.jpg",300,169,true],"medium_large":["https:\/\/picstloup-insoumis.fr\/wp-content\/uploads\/2025\/07\/Capture-decran-2025-07-13-134109.jpg",523,294,false],"large":["https:\/\/picstloup-insoumis.fr\/wp-content\/uploads\/2025\/07\/Capture-decran-2025-07-13-134109.jpg",523,294,false],"1536x1536":["https:\/\/picstloup-insoumis.fr\/wp-content\/uploads\/2025\/07\/Capture-decran-2025-07-13-134109.jpg",523,294,false],"2048x2048":["https:\/\/picstloup-insoumis.fr\/wp-content\/uploads\/2025\/07\/Capture-decran-2025-07-13-134109.jpg",523,294,false],"mailpoet_newsletter_max":["https:\/\/picstloup-insoumis.fr\/wp-content\/uploads\/2025\/07\/Capture-decran-2025-07-13-134109.jpg",523,294,false],"awb_sm":["https:\/\/picstloup-insoumis.fr\/wp-content\/uploads\/2025\/07\/Capture-decran-2025-07-13-134109.jpg",500,281,false],"awb_md":["https:\/\/picstloup-insoumis.fr\/wp-content\/uploads\/2025\/07\/Capture-decran-2025-07-13-134109.jpg",523,294,false],"awb_lg":["https:\/\/picstloup-insoumis.fr\/wp-content\/uploads\/2025\/07\/Capture-decran-2025-07-13-134109.jpg",523,294,false],"awb_xl":["https:\/\/picstloup-insoumis.fr\/wp-content\/uploads\/2025\/07\/Capture-decran-2025-07-13-134109.jpg",523,294,false]},"uagb_author_info":{"display_name":"P SL","author_link":"https:\/\/picstloup-insoumis.fr\/author\/insoupsl\/"},"uagb_comment_info":0,"uagb_excerpt":"Paul Vannier nous propose une web-s\u00e9rie en six \u00e9pisodes sur les auditions et conclusions de la commission d\u2019enqu\u00eate parlementaire sur les violences en milieu scolaire qu\u2019il a men\u00e9e en duo avec la d\u00e9put\u00e9e EPR Violette Spillebout.","_links":{"self":[{"href":"https:\/\/picstloup-insoumis.fr\/index.php\/wp-json\/wp\/v2\/pages\/8351","targetHints":{"allow":["GET"]}}],"collection":[{"href":"https:\/\/picstloup-insoumis.fr\/index.php\/wp-json\/wp\/v2\/pages"}],"about":[{"href":"https:\/\/picstloup-insoumis.fr\/index.php\/wp-json\/wp\/v2\/types\/page"}],"author":[{"embeddable":true,"href":"https:\/\/picstloup-insoumis.fr\/index.php\/wp-json\/wp\/v2\/users\/8"}],"replies":[{"embeddable":true,"href":"https:\/\/picstloup-insoumis.fr\/index.php\/wp-json\/wp\/v2\/comments?post=8351"}],"version-history":[{"count":0,"href":"https:\/\/picstloup-insoumis.fr\/index.php\/wp-json\/wp\/v2\/pages\/8351\/revisions"}],"wp:featuredmedia":[{"embeddable":true,"href":"https:\/\/picstloup-insoumis.fr\/index.php\/wp-json\/wp\/v2\/media\/15905"}],"wp:attachment":[{"href":"https:\/\/picstloup-insoumis.fr\/index.php\/wp-json\/wp\/v2\/media?parent=8351"}],"wp:term":[{"taxonomy":"category","embeddable":true,"href":"https:\/\/picstloup-insoumis.fr\/index.php\/wp-json\/wp\/v2\/categories?post=8351"},{"taxonomy":"post_tag","embeddable":true,"href":"https:\/\/picstloup-insoumis.fr\/index.php\/wp-json\/wp\/v2\/tags?post=8351"}],"curies":[{"name":"wp","href":"https:\/\/api.w.org\/{rel}","templated":true}]}}